{"id":78,"date":"2020-07-06T09:05:33","date_gmt":"2020-07-06T07:05:33","guid":{"rendered":"http:\/\/imvabpx.cluster028.hosting.ovh.net\/?page_id=78"},"modified":"2025-11-18T23:59:07","modified_gmt":"2025-11-18T22:59:07","slug":"nos-stands","status":"publish","type":"page","link":"https:\/\/www.photosdautrefois.fr\/index.php\/nos-stands\/","title":{"rendered":"Nos stands"},"content":{"rendered":"<h1 class=\"entry-title\"><img loading=\"lazy\" class=\"alignnone size-medium wp-image-150\" src=\"http:\/\/imvabpx.cluster028.hosting.ovh.net\/wp-content\/uploads\/2020\/07\/Ou-nous-trouver-300x52.png\" alt=\"Ou nous trouver ?\" width=\"300\" height=\"52\" srcset=\"https:\/\/www.photosdautrefois.fr\/wp-content\/uploads\/2020\/07\/Ou-nous-trouver-300x52.png 300w, https:\/\/www.photosdautrefois.fr\/wp-content\/uploads\/2020\/07\/Ou-nous-trouver-210x36.png 210w, https:\/\/www.photosdautrefois.fr\/wp-content\/uploads\/2020\/07\/Ou-nous-trouver.png 503w\" sizes=\"(max-width: 300px) 100vw, 300px\" \/><\/h1>\n<p><strong><span style=\"color: #ffffff;\">Nos march\u00e9s de No\u00ebl 2025<\/span><\/strong><\/p>\n<p>&nbsp;<\/p>\n<p><strong>March\u00e9 de No\u00ebl de Toulouse (31) du 28 novembre\u00a0 au 29 d\u00e9cembre Votre contact : Vincent 06 46 47 39 78<\/strong><\/p>\n<p><strong>March\u00e9 de No\u00ebl de Reims (51) du 26 novembre au 28 d\u00e9cembre Votre contact : David 06 31 41 98 14<\/strong><\/p>\n<p><strong>March\u00e9 de No\u00ebl de Lille (59) du 19 novembre au 29 d\u00e9cembre Votre contact : Florian 06 11 64 44 72<\/strong><\/p>\n<p><strong>March\u00e9 de No\u00ebl de Clermont-Ferrand (63) du 28 nov au 28 d\u00e9cembre Votre contact : Xavier 06 22 73 23 83<\/strong><\/p>\n<p><strong>March\u00e9 de No\u00ebl de Mulhouse (68) du 21 novembre au 27 d\u00e9cembre Votre contact : Anthony 07 82 45 53 83<\/strong><\/p>\n<p><strong>March\u00e9 de No\u00ebl de Lyon (69) du 21 novembre au 24 d\u00e9cembre Votre contact : Lucy 06 86 91 98 56<\/strong><\/p>\n<p><strong>March\u00e9 de No\u00ebl de Rouen (76) du 21 novembre au 28 d\u00e9cembre Votre contact : Laura 06 51 15 03 77<\/strong><\/p>\n<p><strong>March\u00e9 de No\u00ebl de Limoges (87) du 1er au 30 d\u00e9cembre Votre contact : Alexis 07 49 83 10 17<\/strong><\/p>\n<p><strong>March\u00e9 de No\u00ebl de Boulogne (92) du 25 novembre au 24 d\u00e9cembre Votre contact : Aur\u00e9lien 06 50 76 38 93<\/strong><\/p>\n<p><strong>March\u00e9 de No\u00ebl de Neuilly sur Seine (92) du 5 au 24 d\u00e9cembre Votre contact : Maxime 06 25 10 91 24<\/strong><\/p>\n<p><strong>March\u00e9 de No\u00ebl de Paris La D\u00e9fense (92) du 13 nov au 29 d\u00e9cembre Votre contact : Charlotte 06 16 34 30 31<br \/>\n<\/strong><\/p>\n<p><strong>March\u00e9 de No\u00ebl de Vincennes (94) du 5 au 24 d\u00e9cembre Votre contact : Alix 06 76 14 37 57<\/strong><\/p>\n<p>&nbsp;<\/p>\n<p><strong>\u00a0<\/strong><\/p>\n<p>&nbsp;<\/p>\n<p>&nbsp;<\/p>\n","protected":false},"excerpt":{"rendered":"<p>Nos march\u00e9s de No\u00ebl 2025 &nbsp; March\u00e9 de No\u00ebl de Toulouse (31) du 28 novembre\u00a0 au 29 d\u00e9cembre Votre contact : Vincent 06 46 47 39 78 March\u00e9 de No\u00ebl de Reims (51) du 26 novembre au 28 d\u00e9cembre Votre contact : David 06 31 41 98 14 March\u00e9 de No\u00ebl de Lille (59) du [&hellip;]<\/p>\n","protected":false},"author":1,"featured_media":0,"parent":0,"menu_order":0,"comment_status":"closed","ping_status":"closed","template":"","meta":[],"_links":{"self":[{"href":"https:\/\/www.photosdautrefois.fr\/index.php\/wp-json\/wp\/v2\/pages\/78"}],"collection":[{"href":"https:\/\/www.photosdautrefois.fr\/index.php\/wp-json\/wp\/v2\/pages"}],"about":[{"href":"https:\/\/www.photosdautrefois.fr\/index.php\/wp-json\/wp\/v2\/types\/page"}],"author":[{"embeddable":true,"href":"https:\/\/www.photosdautrefois.fr\/index.php\/wp-json\/wp\/v2\/users\/1"}],"replies":[{"embeddable":true,"href":"https:\/\/www.photosdautrefois.fr\/index.php\/wp-json\/wp\/v2\/comments?post=78"}],"version-history":[{"count":39,"href":"https:\/\/www.photosdautrefois.fr\/index.php\/wp-json\/wp\/v2\/pages\/78\/revisions"}],"predecessor-version":[{"id":514,"href":"https:\/\/www.photosdautrefois.fr\/index.php\/wp-json\/wp\/v2\/pages\/78\/revisions\/514"}],"wp:attachment":[{"href":"https:\/\/www.photosdautrefois.fr\/index.php\/wp-json\/wp\/v2\/media?parent=78"}],"curies":[{"name":"wp","href":"https:\/\/api.w.org\/{rel}","templated":true}]}}

<h1 class="entry-title"><img loading="lazy" class="alignnone size-medium wp-image-150" src="http://imvabpx.cluster028.hosting.ovh.net/wp-content/uploads/2020/07/Ou-nous-trouver-300x52.png" alt="Ou nous trouver ?" width="300" height="52" srcset="https://www.photosdautrefois.fr/wp-content/uploads/2020/07/Ou-nous-trouver-300x52.png 300w, https://www.photosdautrefois.fr/wp-content/uploads/2020/07/Ou-nous-trouver-210x36.png 210w, https://www.photosdautrefois.fr/wp-content/uploads/2020/07/Ou-nous-trouver.png 503w" sizes="(max-width: 300px) 100vw, 300px" /></h1>
<p><strong><span style="color: #ffffff;">Nos marchés de Noël 2025</span></strong></p>
<p>&nbsp;</p>
<p><strong>Marché de Noël de Toulouse (31) du 28 novembre  au 29 décembre Votre contact : Vincent 06 46 47 39 78</strong></p>
<p><strong>Marché de Noël de Reims (51) du 26 novembre au 28 décembre Votre contact : David 06 31 41 98 14</strong></p>
<p><strong>Marché de Noël de Lille (59) du 19 novembre au 29 décembre Votre contact : Florian 06 11 64 44 72</strong></p>
<p><strong>Marché de Noël de Clermont-Ferrand (63) du 28 nov au 28 décembre Votre contact : Xavier 06 22 73 23 83</strong></p>
<p><strong>Marché de Noël de Mulhouse (68) du 21 novembre au 27 décembre Votre contact : Anthony 07 82 45 53 83</strong></p>
<p><strong>Marché de Noël de Lyon (69) du 21 novembre au 24 décembre Votre contact : Lucy 06 86 91 98 56</strong></p>
<p><strong>Marché de Noël de Rouen (76) du 21 novembre au 28 décembre Votre contact : Laura 06 51 15 03 77</strong></p>
<p><strong>Marché de Noël de Limoges (87) du 1er au 30 décembre Votre contact : Alexis 07 49 83 10 17</strong></p>
<p><strong>Marché de Noël de Boulogne (92) du 25 novembre au 24 décembre Votre contact : Aurélien 06 50 76 38 93</strong></p>
<p><strong>Marché de Noël de Neuilly sur Seine (92) du 5 au 24 décembre Votre contact : Maxime 06 25 10 91 24</strong></p>
<p><strong>Marché de Noël de Paris La Défense (92) du 13 nov au 29 décembre Votre contact : Charlotte 06 16 34 30 31<br />
</strong></p>
<p><strong>Marché de Noël de Vincennes (94) du 5 au 24 décembre Votre contact : Alix 06 76 14 37 57</strong></p>
<p>&nbsp;</p>
<p><strong> </strong></p>
<p>&nbsp;</p>
<p>&nbsp;</p>

<p>Nos marchés de Noël 2025 &nbsp; Marché de Noël de Toulouse (31) du 28 novembre  au 29 décembre Votre contact : Vincent 06 46 47 39 78 Marché de Noël de Reims (51) du 26 novembre au 28 décembre Votre contact : David 06 31 41 98 14 Marché de Noël de Lille (59) du [&hellip;]</p>
