{"id":63,"date":"2020-07-06T09:04:33","date_gmt":"2020-07-06T07:04:33","guid":{"rendered":"http:\/\/imvabpx.cluster028.hosting.ovh.net\/?page_id=63"},"modified":"2023-12-27T16:28:48","modified_gmt":"2023-12-27T15:28:48","slug":"histoire","status":"publish","type":"page","link":"https:\/\/www.photosdautrefois.fr\/index.php\/histoire\/","title":{"rendered":"Petite Histoire de la carte postale"},"content":{"rendered":"<p><img loading=\"lazy\" class=\"size-medium wp-image-38 aligncenter\" src=\"http:\/\/imvabpx.cluster028.hosting.ovh.net\/wp-content\/uploads\/2020\/07\/titre-patrimoine-300x91.png\" alt=\"\" width=\"300\" height=\"91\" srcset=\"https:\/\/www.photosdautrefois.fr\/wp-content\/uploads\/2020\/07\/titre-patrimoine-300x91.png 300w, https:\/\/www.photosdautrefois.fr\/wp-content\/uploads\/2020\/07\/titre-patrimoine.png 320w\" sizes=\"(max-width: 300px) 100vw, 300px\" \/><\/p>\n<p>Lorsqu\u2019elle appara\u00eet \u00e0 la fin du XIXe\u00a0si\u00e8cle, la carte postale repr\u00e9sente une v\u00e9ritable innovation.<\/p>\n<p>La photographie invent\u00e9e vers 1830 devra attendre les ann\u00e9es 1890 et l\u2019apparition de la carte postale pour conna\u00eetre une diffusion de masse. En int\u00e9grant l\u2019image photographique, la carte postale devient le premier support de diffusion de l\u2019information par l\u2019image.<\/p>\n<p>De 1900 \u00e0 1914, la carte postale conna\u00eet un v\u00e9ritable engouement. Le public pl\u00e9biscite ce nouveau produit qui permet de poss\u00e9der des images de son quartier, de son village, de ses proches et de constituer les premiers albums.<\/p>\n<p>C\u2019est aussi la carte postale qui assure l\u2019immortalisation des \u00e9v\u00e9nements\u00a0: d\u00e9veloppement de l\u2019aviation, de l\u2019automobile, meetings, manifestations politiques, accidents, catastrophes, inaugurations, etc.<\/p>\n<p>De la vie quotidienne aux \u00e9v\u00e9nements les plus importants, la carte postale a tout racont\u00e9 de notre soci\u00e9t\u00e9 au d\u00e9but du XXe\u00a0si\u00e8cle et constitue la m\u00e9moire photographique de l\u2019activit\u00e9 humaine durant cette p\u00e9riode.<\/p>\n<p>&nbsp;<\/p>\n<p style=\"text-align: center;\"><span style=\"color: #ffcc00;\">Astuce pour dater votre photo !<br \/>\n<\/span><\/p>\n<p style=\"text-align: left;\"><span style=\"color: #ffcc00;\"> Lorsqu\u2019un timbre appara\u00eet sur la photo, si le cachet est lisible, les deux chiffres de la derni\u00e8re ligne indiquent l\u2019ann\u00e9e de l\u2019envoi, \u00e0 un ou deux ans pr\u00e8s, celle du clich\u00e9. <\/span><span style=\"color: #ffcc00;\">Par exemple 19-9 09 signifie 19 septembre 1909.<\/span><\/p>\n<p><span style=\"color: #ffcc00;\"><br \/>\n<img loading=\"lazy\" class=\"wp-image-140 size-full aligncenter\" src=\"http:\/\/imvabpx.cluster028.hosting.ovh.net\/wp-content\/uploads\/2020\/07\/carte-date.png\" alt=\"\" width=\"521\" height=\"427\" srcset=\"https:\/\/www.photosdautrefois.fr\/wp-content\/uploads\/2020\/07\/carte-date.png 521w, https:\/\/www.photosdautrefois.fr\/wp-content\/uploads\/2020\/07\/carte-date-300x246.png 300w, https:\/\/www.photosdautrefois.fr\/wp-content\/uploads\/2020\/07\/carte-date-210x172.png 210w\" sizes=\"(max-width: 521px) 100vw, 521px\" \/><br \/>\n<\/span><\/p>\n","protected":false},"excerpt":{"rendered":"<p>Lorsqu\u2019elle appara\u00eet \u00e0 la fin du XIXe\u00a0si\u00e8cle, la carte postale repr\u00e9sente une v\u00e9ritable innovation. La photographie invent\u00e9e vers 1830 devra attendre les ann\u00e9es 1890 et l\u2019apparition de la carte postale pour conna\u00eetre une diffusion de masse. En int\u00e9grant l\u2019image photographique, la carte postale devient le premier support de diffusion de l\u2019information par l\u2019image. De 1900 [&hellip;]<\/p>\n","protected":false},"author":1,"featured_media":0,"parent":0,"menu_order":0,"comment_status":"closed","ping_status":"closed","template":"","meta":[],"_links":{"self":[{"href":"https:\/\/www.photosdautrefois.fr\/index.php\/wp-json\/wp\/v2\/pages\/63"}],"collection":[{"href":"https:\/\/www.photosdautrefois.fr\/index.php\/wp-json\/wp\/v2\/pages"}],"about":[{"href":"https:\/\/www.photosdautrefois.fr\/index.php\/wp-json\/wp\/v2\/types\/page"}],"author":[{"embeddable":true,"href":"https:\/\/www.photosdautrefois.fr\/index.php\/wp-json\/wp\/v2\/users\/1"}],"replies":[{"embeddable":true,"href":"https:\/\/www.photosdautrefois.fr\/index.php\/wp-json\/wp\/v2\/comments?post=63"}],"version-history":[{"count":19,"href":"https:\/\/www.photosdautrefois.fr\/index.php\/wp-json\/wp\/v2\/pages\/63\/revisions"}],"predecessor-version":[{"id":429,"href":"https:\/\/www.photosdautrefois.fr\/index.php\/wp-json\/wp\/v2\/pages\/63\/revisions\/429"}],"wp:attachment":[{"href":"https:\/\/www.photosdautrefois.fr\/index.php\/wp-json\/wp\/v2\/media?parent=63"}],"curies":[{"name":"wp","href":"https:\/\/api.w.org\/{rel}","templated":true}]}}